-1
Let i(l) = -2*l**2 - 89*l + 521. What is i(0)?
521
Let p(o) = 2361*o - 4761. Calculate p(2).
-39
Let f(u) = -2*u**3 + 97*u**2 - 40*u - 333. Calculate f(48).
51
Let z(p) = -42*p**2 - 56*p - 2. What is z(-2)?
-58
Let r(w) = 3*w**2 + 5*w - 14. Calculate r(2).
8
Let b(a) = 1119*a - 53693. Give b(48).
19
Let g(h) = -5974*h + 77660. What is g(13)?
-2
Let y(o) = 6*o - 466. Give y(26).
-310
Let k(u) = 27*u**3 + 190*u**2 + 6*u + 1. What is k(-7)?
8
Let l(s) = -22*s**2 + 852*s + 266. What is l(39)?
32
Let i(f) = -19*f**3 - 2*f**2 + 5*f - 3. Determine i(2).
-153
Let d(t) = 8*t - 125. Give d(16).
3
Let a(h) = h**2 - 114*h + 3065. Give a(45).
-40
Let i(g) = 2*g**2 - 361*g - 12622. Give i(-30).
8
Let p(t) = 5*t**2 - 177*t + 212. Give p(32).
-332
Let x(g) = -g**3 + 91*g**2 - 87*g - 196. What is x(90)?
74
Let b(s) = -s**2 + 959*s - 18747. Give b(20).
33
Let g(q) = -q**3 - 10*q**2 + 166*q - 144. What is g(-19)?
-49
Let h(f) = -f**3 - 45*f**2 - 13*f - 2713. Determine h(-46).
1
Let s(z) = -3*z**2 - 34*z - 81. Give s(-7).
10
Let l(h) = 3*h**3 - 7*h**2 - 9*h + 13. Give l(3).
4
Let x(i) = -245*i - 607. Give x(-2).
-117
Let w(a) = -a**3 + 8*a**2 + 124*a - 934. Give w(12).
-22
Let c(b) = 2*b**2 - 6*b + 29. Determine c(5).
49
Let h(l) = -2*l**2 - 113*l - 216. Determine h(-56).
-160
Let c(f) = 211*f - 861. Determine c(4).
-17
Let o(x) = -6999*x - 55986. Determine o(-8).
6
Let z(i) = -21*i**2 + 329*i + 489. Give z(17).
13
Let q(t) = 45*t - 1737. What is q(32)?
-297
Let i(y) = 17*y**2 + 45*y + 14. Give i(-3).
32
Let u(n) = 57*n + 2865. Determine u(-56).
-327
Let h(g) = 3*g**2 - 45*g - 79. Determine h(17).
23
Let z(a) = -a**3 - 14*a**2 + 51*a + 297. What is z(-16)?
-7
Let g(j) = 11*j - 292. Give g(11).
-171
Let m(z) = -13*z**3 - 41*z**2 + 7. Determine m(-3).
-11
Let k(f) = 331*f - 80102. Determine k(242).
0
Let p(a) = 2*a**2 - 7. Determine p(8).
121
Let c(g) = 462*g + 3236. Determine c(-7).
2
Let k(z) = -3*z + 1. What is k(38)?
-113
Let g(k) = 174*k - 2. Calculate g(1).
172
Let p(g) = 931*g + 12068. Give p(-13).
-35
Let i(k) = -377*k + 3. Give i(0).
3
Let z(n) = 13*n**2 - 114*n + 169. What is z(6)?
-47
Let z(r) = -r**3 + 23*r**2 + 21*r - 467. Determine z(23).
16
Let l(q) = q**3 + 9*q**2 + 19*q + 106. Determine l(-8).
18
Let m(b) = -7*b**3 + 37*b**2 - 43*b + 9. What is m(4)?
-19
Let n(m) = -m**3 + 3*m**2 + 1662*m - 6635. What is n(4)?
-3
Let d(b) = -b**3 - 35*b**2 - 33*b - 8. Determine d(-34).
-42
Let y(k) = 190*k - 23756. Calculate y(125).
-6
Let l(v) = v**2 - 8*v - 129. Determine l(-8).
-1
Let n(c) = 29*c + 339. What is n(-26)?
-415
Let g(j) = -6*j**3 - 3*j**2 - 39*j - 36. Determine g(-1).
6
Let b(u) = 12*u**2 - 18*u - 1402. Give b(-10).
-22
Let y(b) = -20*b - 855. Determine y(-6).
-735
Let j(c) = -96*c - 365. What is j(-3)?
-77
Let w(p) = -p**3 - 13*p**2 + 16*p + 59. Give w(-6).
-289
Let v(d) = 2*d**2 - 155*d - 1566. Give v(-9).
-9
Let x(z) = -z**2 - 99*z - 728. Calculate x(-8).
0
Let n(t) = -t**3 + 9*t**2 + 15*t + 41. What is n(10)?
91
Let s(k) = 2832*k - 5663. What is s(2)?
1
Let m(c) = -2*c**2 - 89*c + 26. What is m(-23)?
1015
Let p(s) = -s**3 - 8*s**2 - 19*s + 7. Determine p(-4).
19
Let c(t) = 10*t + 131. Give c(-12).
11
Let r(o) = -6*o**2 + 75*o - 135. What is r(11)?
-36
Let j(m) = -3530*m - 21178. Determine j(-6).
2
Let l(v) = -v**3 - 9*v**2 + 11*v - 12. Determine l(-10).
-22
Let z(b) = 5*b**3 - 7*b**2 + 10*b - 12. Calculate z(2).
20
Let r(u) = -2*u**3 - 12*u**2 - 55*u - 35. Calculate r(-5).
190
Let l(i) = 2*i**2 + 211*i + 1251. Calculate l(-99).
-36
Let u(s) = 3844*s - 73041. Give u(19).
-5
Let j(u) = 30*u**2 + 3*u + 9. Give j(-2).
123
Let t(r) = 45*r - 2681. What is t(60)?
19
Let y(d) = 35*d - 94. Give y(6).
116
Let i(r) = -r**2 - 16*r - 64. Calculate i(-6).
-4
Let h(b) = b**3 - b**2 - b - 2. Determine h(3).
13
Let w(x) = -x**3 - 21*x**2 - 66*x - 6. Determine w(-18).
210
Let b(g) = 13*g - 776. Calculate b(69).
121
Let l(z) = 2*z**3 - 4*z**2 + z - 8. Calculate l(3).
13
Let q(u) = -23*u - 2580. What is q(-111)?
-27
Let k(j) = j**3 + 17*j**2 + 9*j - 127. Give k(-16).
-15
Let s(l) = 9*l + 157. Determine s(-17).
4
Let c(x) = x**3 + 9*x**2 + 18*x + 30. Give c(-7).
2
Let u(n) = 14*n**3 - 11*n**2 - 22*n - 3. Give u(-2).
-115
Let a(g) = g**2 + 19*g + 167. Determine a(-9).
77
Let i(a) = -189*a - 1118. What is i(-6)?
16
Let k(n) = -n**2 + 28*n - 27. What is k(5)?
88
Let x(m) = -15*m + 296. What is x(14)?
86
Let q(t) = t**3 + 76*t**2 - 156*t + 413. Give q(-78).
413
Let f(s) = 4*s**2 - 387*s + 4005. What is f(85)?
10
Let i(b) = 6*b**2 - 736*b - 5718. What is i(130)?
2
Let v(y) = -3*y**2 + 28*y + 2750. Give v(-26).
-6
Let p(x) = -2*x**3 - 15*x**2 + 34*x + 36. Give p(-10).
196
Let d(b) = -14*b + 67. Determine d(-13).
249
Let g(m) = 14*m + 308. Calculate g(-3).
266
Let y(o) = 114*o + 379. Calculate y(-6).
-305
Let f(n) = -n**2 - 3*n + 250. Give f(33).
-938
Let g(i) = -27*i**2 + 289*i + 12. Calculate g(10).
202
Let v(s) = -86*s - 83. Calculate v(-3).
175
Let k(h) = -5*h**2 - 203*h - 99. What is k(-42)?
-393
Let r(s) = -2*s**2 + 148*s + 9. Determine r(0).
9
Let x(k) = k**3 + 17*k**2 - 54*k - 303. Calculate x(-19).
1
Let s(d) = 2*d**3 + 88*d**2 + 152*d - 41. Give s(-42).
631
Let f(z) = -z**2 - 189*z - 5508. Determine f(-36).
0
Let n(u) = -9*u**2 + 23*u + 73. Calculate n(-3).
-77
Let l(d) = 105*d + 944. Calculate l(-9).
-1
Let k(l) = 92*l + 1184. Calculate k(-12).
80
Let w(r) = -r**3 + 71*r**2 - 69*r - 122. Determine w(70).
-52
Let z(b) = -422*b - 69192. What is z(-164)?
16
Let n(p) = 2*p**3 + 27*p**2 + 12*p. Give n(-13).
13
Let a(c) = 45*c**3 - c**2 - 5*c + 6. Give a(1).
45
Let t(w) = w**2 - 21*w - 157. Calculate t(-6).
5
Let y(f) = 2*f**3 - 292*f**2 - 295*f + 140. Determine y(147).
-7
Let h(a) = 144*a - 100. What is h(0)?
-100
Let y(o) = -o**3 + 2*o**2 + 61*o - 177. Calculate y(3).
-3
Let c(s) = 10*s**2 - 9*s - 30. Determine c(-2).
28
Let d(m) = 4*m**2 - 33*m + 126. Determine d(6).
72
Let k(j) = 348*j + 1371. Calculate k(-4).
-21
Let a(h) = h**3 - 10*h**2 - 64*h - 33. Determine a(15).
132
Let d(i) = -i**3 + 44*i**2 - 166*i - 177. Calculate d(40).
-417
Let n(g) = 130*g - 750. What is n(6)?
30
Let o(z) = -796*z - 803. What is o(-1)?
-7
Let s(z) = 7*z**3 - 34*z**2 + 164*z - 847. Determine s(5).
-2
Let g(v) = 1666*v + 6723. What is g(-4)?
59
Let g(j) = -j**2 - 346*j + 5811. Determine g(16).
19
Let b(f) = -19*f - 23. What is b(4)?
-99
Let q(p) = p**3 - 10*p**2 + 2*p - 2. Calculate q(8).
-114
Let h(g) = -4*g**3 - 335*g**2 - 572*g + 164. Determine h(-82).
0
Let w(i) = 3*i**2 + 105*i + 337. Give w(-31).
-35
Let m(g) = -g**2 - 33*g + 237. Give m(-38).
47
Let n(l) = -320*l - 352. Give n(-2).
288
Let x(d) = -2*d**3 + 373*d**2 - 1989*d - 361. Give x(181).
1
Let t(s) = -s**3 - 4*s**2 + 24*s + 83. Calculate t(-3).
2
Let l(m) = -m**3 - 5. What is l(-2)?
3
Let p(q) = q**3 - 11*q**2 + 19*q - 13. Calculate p(9).
-4
Let y(j) = -4*j**2 - 78*j + 74. Give y(1).
-8
Let h(u) = u**2 - 65*u + 533. What is h(53)?
-103
Let h(z) = z**3 + 15*z**2 - 13*z - 374. Calculate h(-14).
4
Let l(x) = 19*x**2 + 31*x - 316. What is l(-5)?
4
Let k(o) = -o**3 + 37*o**2 - 338*o + 184. Determine k(22).
8
Let h(i) = i**3 + 64*i**2 - 418*i + 115. Calculate h(-70).
-25
Let l(v) = -92*v + 831. Give l(10).
-89
Let o(q) = q**3 - q**2 - 9*q + 3. Determine o(2).
-11
Let s(h) = 300*h - 21301. Calculate s(71).
-1
Let r(g) = 8*g + 508. Calculate r(-62).
12
Let o(v) = v**3 - 3*v**2 + 44*v - 267. Calculate o(5).
3
Let b(c) = -5*c**2 - 3*c - 18. What is b(-2)?
-32
Let b(a) = -2*a**3 + 190*a**2 - 372*a - 3. Give b(93).
-3
Let z(r) = r**2 - 31*r - 2072. What is z(64)?
40
Let c(a) = a**2 + 407*a - 5889. Give c(14).
5
Let i(b) = 8*b**2 + 14*b - 26. Give i(-6).
178
Let z(p) = 493*p + 6434. Determine z(-13).
25
Let f(q) = -971*q + 3881. What is f(4)?
-3
Let q(y) = -52*y - 1209. Determine q(-24).
39
Let l(o) = 24*o - 2289. What is l(96)?
15
Let f(h) = 17*h**2 - 633*h + 765. Give f(36).
9
Let c(z) = -445*z + 2054. Calculate c(5).
-171
Let g(x) = x**3 - 17*x**2 - 13*x + 36. Determine g(10).
-794
Let m(r) = 34*r**3 - 1189*r**2 - 33*r - 58. What is m(35)?
12
Let v(q) = -450*q - 13950. Determine v(-31).
0
Let a(o) = 16*o - 131. Calculate a(15).
109
Let c(i) = 115*i + 1545. Give c(-14).
-65
Let q(s) = -6*s**3 - 38*s**2 + 41*s + 104. Determine 